{"id":360,"date":"2011-03-08T16:43:01","date_gmt":"2011-03-08T16:43:01","guid":{"rendered":"http:\/\/test.kriesi.at\/travel\/product\/surfing-in-hawaii\/"},"modified":"2025-06-16T10:35:37","modified_gmt":"2025-06-16T08:35:37","slug":"spiru-jump","status":"publish","type":"product","link":"https:\/\/spiruworld.com\/?product=spiru-jump","title":{"rendered":"SpiruJump"},"content":{"rendered":"<p><strong>+ Info:<\/strong><\/p>\n<ul>\n<li>Experi\u00e8ncia compartible: Per viure-la sol\/a o amb amics i fam\u00edlia<\/li>\n<li>Apte per a totes les edats: Ideal per a joves curiosos, adults conscients i grans amb esperit inquiet.<\/li>\n<\/ul>\n","protected":false},"excerpt":{"rendered":"<p><strong>Descobreix l\u2019univers blau-verd de l\u2019espirulina amb una experi\u00e8ncia immersiva en realitat virtual. Ideal per a qui t\u00e9 ulleres VR pr\u00f2pies i ganes de viure un viatge conscient i transformador des de casa.<\/strong><\/p>\n<p class=\"\" data-start=\"780\" data-end=\"791\"><strong data-start=\"780\" data-end=\"791\">Inclou:<\/strong><\/p>\n<ul data-start=\"792\" data-end=\"906\">\n<li class=\"\" data-start=\"792\" data-end=\"834\">\n<p class=\"\" data-start=\"794\" data-end=\"834\">Acc\u00e9s digital a l\u2019experi\u00e8ncia SpiruWorld<\/p>\n<\/li>\n<li class=\"\" data-start=\"835\" data-end=\"906\">\n<p class=\"\" data-start=\"837\" data-end=\"906\">Compatibilitat amb ulleres VR (consultar requisits t\u00e8cnics)<\/p>\n<\/li>\n<\/ul>\n<p>&nbsp;<\/p>\n<p><strong>Durada:<\/strong> Al teu ritme, sense condicions<br \/>\n<strong>Localitzaci\u00f3:<\/strong> A casa teva, o on tu vulguis, tu tries!<br \/>\n<strong>Requisits t\u00e8cnics:<\/strong><br \/>\n&#8211; Compatible amb ulleres Pico i Meta<\/p>\n<p>&#8211; Acc\u00e9s a internet per descarregar el contingut<\/p>\n<p>&#8211; Instruccions incloses amb la compra<\/p>\n","protected":false},"featured_media":828,"template":"","meta":[],"product_brand":[],"product_cat":[43,42,63,61,64],"product_tag":[65],"class_list":{"0":"post-360","1":"product","2":"type-product","3":"status-publish","4":"has-post-thumbnail","6":"product_cat-a-casa-teva","7":"product_cat-amb-amistats","8":"product_cat-amb-infants","9":"product_cat-en-familia","10":"product_cat-per-soprendre-algu-especial","11":"product_tag-a-casa-teva","13":"first","14":"instock","15":"sale","16":"virtual","17":"taxable","18":"purchasable","19":"product-type-simple"},"jetpack_sharing_enabled":true,"_links":{"self":[{"href":"https:\/\/spiruworld.com\/index.php?rest_route=\/wp\/v2\/product\/360","targetHints":{"allow":["GET"]}}],"collection":[{"href":"https:\/\/spiruworld.com\/index.php?rest_route=\/wp\/v2\/product"}],"about":[{"href":"https:\/\/spiruworld.com\/index.php?rest_route=\/wp\/v2\/types\/product"}],"wp:featuredmedia":[{"embeddable":true,"href":"https:\/\/spiruworld.com\/index.php?rest_route=\/wp\/v2\/media\/828"}],"wp:attachment":[{"href":"https:\/\/spiruworld.com\/index.php?rest_route=%2Fwp%2Fv2%2Fmedia&parent=360"}],"wp:term":[{"taxonomy":"product_brand","embeddable":true,"href":"https:\/\/spiruworld.com\/index.php?rest_route=%2Fwp%2Fv2%2Fproduct_brand&post=360"},{"taxonomy":"product_cat","embeddable":true,"href":"https:\/\/spiruworld.com\/index.php?rest_route=%2Fwp%2Fv2%2Fproduct_cat&post=360"},{"taxonomy":"product_tag","embeddable":true,"href":"https:\/\/spiruworld.com\/index.php?rest_route=%2Fwp%2Fv2%2Fproduct_tag&post=360"}],"curies":[{"name":"wp","href":"https:\/\/api.w.org\/{rel}","templated":true}]}}