{"id":682,"date":"2025-04-30T15:42:56","date_gmt":"2025-04-30T13:42:56","guid":{"rendered":"https:\/\/spiruworld.com\/?post_type=product&#038;p=682"},"modified":"2025-06-16T10:42:13","modified_gmt":"2025-06-16T08:42:13","slug":"spirutast","status":"publish","type":"product","link":"https:\/\/spiruworld.com\/?product=spirutast","title":{"rendered":"SpiruTast"},"content":{"rendered":"<p><strong>+ Info:<\/strong><\/p>\n<ul>\n<li>Experi\u00e8ncia compartible: Per viure-la sol\/a o amb amics i fam\u00edlia<\/li>\n<li>Apte per a totes les edats: Ideal per a joves curiosos, adults conscients i grans amb esperit inquiet.<\/li>\n<li>Rebs l&#8217;eperi\u00e8ncia autom\u00e0ticament amb la compra. Rebs la degustaci\u00f3 en un per\u00edode de 4-5 dies.<\/li>\n<\/ul>\n","protected":false},"excerpt":{"rendered":"<p><strong>Una immersi\u00f3 total en l\u2019univers de l\u2019espirulina. Gaudeix de l\u2019experi\u00e8ncia VR i viu una degustaci\u00f3 amb productes \u00fanics, elaborats artesanalment. Tot, sense moure\u2019t de casa.<\/strong><\/p>\n<p class=\"\" data-start=\"780\" data-end=\"791\"><strong data-start=\"780\" data-end=\"791\">Inclou:<\/strong><\/p>\n<ul>\n<li data-start=\"794\" data-end=\"834\">Acc\u00e9s digital a l\u2019experi\u00e8ncia SpiruWorld<\/li>\n<li data-start=\"837\" data-end=\"906\">Compatibilitat amb ulleres VR (consultar requisits t\u00e8cnics)<\/li>\n<li>Pack degustaci\u00f3:<\/li>\n<\/ul>\n<p>+ Formatge amb espirulina (x1)<\/p>\n<p>+ Caixa gran de bombons (x1)<\/p>\n<p>+ Caixa petita de bombons (x2)<\/p>\n<p>+ Pot de crunxi 80 g (x1)<\/p>\n<p>+ Green Bytes (x2)<\/p>\n<ul>\n<li>Instruccions per gaudir l\u2019experi\u00e8ncia completa<\/li>\n<\/ul>\n<p>&nbsp;<\/p>\n<p><strong>Durada:<\/strong> Al teu ritme, sense condicions.<br \/>\n<strong>Localitzaci\u00f3:<\/strong> On tu vulguis, amb qui tu vulguis.<\/p>\n<p><em>\ud83d\udce6 Enviament gratu\u00eft a tot Catalunya<\/em><\/p>\n<p>&nbsp;<\/p>\n<p><strong>Requisits t\u00e8cnics:<\/strong><br \/>\n&#8211; Compatible amb ulleres Pico i Meta<\/p>\n<p>&#8211; Acc\u00e9s a internet per descarregar el contingut<\/p>\n<p>&#8211; Instruccions incloses amb la compra<\/p>\n<p>&#8211; No oblidis posar la direcci\u00f3 on vols que t&#8217;enviem el pack de degustaci\u00f3 en els detalls de facturaci\u00f3!<\/p>\n","protected":false},"featured_media":829,"template":"","meta":[],"product_brand":[],"product_cat":[43,42,63,61,64],"product_tag":[65],"class_list":{"0":"post-682","1":"product","2":"type-product","3":"status-publish","4":"has-post-thumbnail","6":"product_cat-a-casa-teva","7":"product_cat-amb-amistats","8":"product_cat-amb-infants","9":"product_cat-en-familia","10":"product_cat-per-soprendre-algu-especial","11":"product_tag-a-casa-teva","13":"first","14":"instock","15":"sale","16":"virtual","17":"taxable","18":"purchasable","19":"product-type-simple"},"jetpack_sharing_enabled":true,"_links":{"self":[{"href":"https:\/\/spiruworld.com\/index.php?rest_route=\/wp\/v2\/product\/682","targetHints":{"allow":["GET"]}}],"collection":[{"href":"https:\/\/spiruworld.com\/index.php?rest_route=\/wp\/v2\/product"}],"about":[{"href":"https:\/\/spiruworld.com\/index.php?rest_route=\/wp\/v2\/types\/product"}],"wp:featuredmedia":[{"embeddable":true,"href":"https:\/\/spiruworld.com\/index.php?rest_route=\/wp\/v2\/media\/829"}],"wp:attachment":[{"href":"https:\/\/spiruworld.com\/index.php?rest_route=%2Fwp%2Fv2%2Fmedia&parent=682"}],"wp:term":[{"taxonomy":"product_brand","embeddable":true,"href":"https:\/\/spiruworld.com\/index.php?rest_route=%2Fwp%2Fv2%2Fproduct_brand&post=682"},{"taxonomy":"product_cat","embeddable":true,"href":"https:\/\/spiruworld.com\/index.php?rest_route=%2Fwp%2Fv2%2Fproduct_cat&post=682"},{"taxonomy":"product_tag","embeddable":true,"href":"https:\/\/spiruworld.com\/index.php?rest_route=%2Fwp%2Fv2%2Fproduct_tag&post=682"}],"curies":[{"name":"wp","href":"https:\/\/api.w.org\/{rel}","templated":true}]}}